 - -6?
157f
In base 4, what is -1 - 11322011331?
-11322011332
In base 4, what is 332 - -1120110?
1121102
In base 5, what is -114 + 141044?
140430
In base 14, what is -2 + 2dcc2?
2dcc0
In base 9, what is -6 - -1217525?
1217518
In base 10, what is -1 - -83945?
83944
In base 15, what is -3 - -9375?
9372
In base 10, what is 12966 + -1?
12965
In base 16, what is 6c46e - 5?
6c469
In base 16, what is 70 - -de?
14e
In base 5, what is 222213 + 10?
222223
In base 9, what is -181635 - 12?
-181647
In base 11, what is 474 + 1568?
1a31
In base 12, what is -6648 + -5?
-6651
In base 6, what is -21 + 515131?
515110
In base 3, what is -22102000220 + 10?
-22102000210
In base 16, what is -37b + -30?
-3ab
In base 13, what is 14 + -33091?
-3307a
In base 8, what is -16417 - -344?
-16053
In base 16, what is -13 + -26e4?
-26f7
In base 9, what is -244 + -136?
-381
In base 9, what is -1 + 80537?
80536
In base 6, what is -10 - 25041524?
-25041534
In base 2, what is 1100010000 - 111001111?
101000001
In base 14, what is 1296 - -31?
12c7
In base 3, what is 111202021111 + -2?
111202021102
In base 12, what is -301 - -4817?
4516
In base 12, what is 906 - -297?
ba1
In base 15, what is -909 + 4b?
-8ad
In base 12, what is 3aaba + a?
3ab08
In base 7, what is -2364 - -65?
-2266
In base 11, what is -746252 + -5?
-746257
In base 4, what is 3 - -101201103?
101201112
In base 8, what is -1114 - 3072?
-4206
In base 13, what is 1 - -3165?
3166
In base 10, what is 80 + 208?
288
In base 5, what is 23214 + 302?
24021
In base 13, what is 365b7 + -2?
365b5
In base 8, what is 25633 + 2?
25635
In base 4, what is 10211012 + 2?
10211020
In base 12, what is -13b - -105?
-36
In base 5, what is -22 + 322102?
322030
In base 11, what is -12302 + 35?
-12278
In base 13, what is 1 + a4666?
a4667
In base 10, what is 370 + 18?
388
In base 9, what is -5 + 3306?
3301
In base 9, what is 10337 + 7?
10345
In base 4, what is -3 - -1330321300?
1330321231
In base 7, what is -14 + -16?
-33
In base 6, what is 20304 + -310?
15554
In base 8, what is -1147462 + 2?
-1147460
In base 9, what is -64 - 1221?
-1285
In base 14, what is 91d + 7?
926
In base 14, what is 27379 + -1?
27378
In base 14, what is 25 + -4c04a?
-4c025
In base 12, what is b3b4b + 1?
b3b50
In base 16, what is -30f8 - 41?
-3139
In base 7, what is 25523 + -232?
25261
In base 5, what is -1141 - -3430?
2234
In base 11, what is -892523 - 3?
-892526
In base 13, what is 1b4 - 73b0?
-71c9
In base 4, what is 110013 - 112?
103301
In base 16, what is -9 - -b6a?
b61
In base 5, what is 2243 - 0?
2243
In base 10, what is 22 - 1157?
-1135
In base 8, what is 7067 - -41?
7130
In base 11, what is -3781a33 + -1?
-3781a34
In base 7, what is 1 + -13653?
-13652
In base 11, what is 15 - -18423?
18438
In base 14, what is 1a + -705?
-6c9
In base 10, what is -50658 - -6?
-50652
In base 3, what is 20200 + 20010122?
20101022
In base 11, what is -259a7 - 11?
-25a08
In base 2, what is -101000000111111100111 + 101?
-101000000111111100010
In base 11, what is 633 + 7?
63a
In base 16, what is 7a + 2e?
a8
In base 10, what is 421421 + -4?
421417
In base 12, what is -255b - 3?
-2562
In base 3, what is -111120 + -11200210?
-12012100
In base 5, what is 1002204 + 4?
1002213
In base 13, what is 8186c + -2?
8186a
In base 10, what is -39 + 66947?
66908
In base 9, what is -24462 + -3?
-24465
In base 8, what is -27302 - -5?
-27275
In base 15, what is -22 + 1d9a6?
1d984
In base 8, what is 747027 + 11?
747040
In base 3, what is 110 + -1102111?
-1102001
In base 12, what is 1 - 4a1006?
-4a1005
In base 14, what is -ca3 + 75?
-c2c
In base 3, what is -20122 + 2112102?
2021210
In base 9, what is -464 - -42?
-422
In base 6, what is 210 + -2014?
-1404
In base 4, what is 230 + -2122122?
-2121232
In base 3, what is 0 + 11200101?
11200101
In base 6, what is -1214544 + -111?
-1215055
In base 16, what is be + -84a?
-78c
In base 7, what is 1 + -255321?
-255320
In base 15, what is -b + 190b2?
190a6
In base 6, what is 2 + -35004?
-35002
In base 12, what is 47 - -26a20?
26a67
In base 11, what is 570 - 9?
562
In base 10, what is -1825 + 20?
-1805
In base 13, what is 5 + b2650?
b2655
In base 7, what is -1 + 611410?
611406
In base 13, what is 4 + 10b34?
10b38
In base 10, what is -6 + 3785?
3779
In base 16, what is -2 + -aa2cd?
-aa2cf
In base 2, what is -11 - 100001011111010?
-100001011111101
In base 4, what is 1130033021 - -21?
1130033102
In base 8, what is -472 - 1626?
-2320
In base 16, what is 6de8 - -2?
6dea
In base 3, what is 100012012 + -2201?
100002111
In base 10, what is -31184 + -14?
-31198
In base 13, what is -18 - -24b?
233
In base 8, what is 1140 - 27240?
-26100
In base 8, what is 4 + -40710?
-40704
In base 8, what is -14500 + 53?
-14425
In base 3, what is 2 + -101220122202?
-101220122200
In base 5, what is 434 - -20423?
21412
In base 8, what is -3 - -34025?
34022
In base 13, what is 3852b + 2?
38530
In base 5, what is 1134 + 1304204?
1310343
In base 12, what is 12 - 2a666?
-2a654
In base 13, what is 3c176 + 2?
3c178
In base 9, what is -20431 - -1?
-20430
In base 7, what is 16 + 531432?
531451
In base 16, what is -3d + -6e0?
-71d
In base 6, what is 10 - 4502555?
-4502545
In base 9, what is -13 + 125326?
125313
In base 7, what is -5 - -310531?
310523
In base 10, what is -3 - 84897?
-84900
In base 10, what is 1629 + 4?
1633
In base 4, what is -13232311102 + 3?
-13232311033
In base 11, what is 1116 + -6a1?
525
In base 3, what is 22020 - -1222112?
2021202
In base 7, what is -4322 - 5?
-4330
In base 6, what is 104032 - 1?
104031
In base 7, what is 5004601 + 0?
5004601
In base 12, what is 2 + 115a5?
115a7
In base 12, what is 0 + 3555a?
3555a
In base 5, what is 414001 + 4?
414010
In base 5, what is 21021 + 1101?
22122
In base 16, what is 209 - 69c?
-493
In base 14, what is 16 + -326d?
-3257
In base 7, what is 4 + -105114?
-105110
In base 5, what is -13 + 1300?
1232
In base 7, what is 14446 - -154?
14633
In base 13, what is -5 + -74c7?
-74cc
In base 2, what is 1100100111 + -100010110010?
-10110001011
In base 3, what is 0 - -20021110002?
20021110002
In base 14, what is -28 - -943?
919
In base 11, what is -8 + -40801?
-40809
In base 15, what is 45c1 + -3?
45bd
In base 10, what is -14237 - 5?
-14242
In base 3, what is -2100122 - -2221?
-2020201
In base 3, what is 20110210 - -1002?
20111212
In base 5, what is 10 + 3023?
3033
In base 15, what is 3 - 137c1?
-137bd
In base 10, what is -11023 + 0?
-11023
In base 6, what is 44 + 22231?
22315
In base 12, what is -51 + -12706?
-12757
In base 9, what is -5 - -148101?
148085
In base 15, what is 5 - 360?
-35a
In base 3, what is -2121212 + 1110122?
-1011020
In base 6, what is 4023 + 5015?
13042
In base 2, what is -11001110011011001001 + 101?
-11001110011011000100
In base 8, what is -72342 + 2?
-72340
In base 12, what is 12934 - 4?
12930
In base 7, what is -22 + 653400?
653345
In base 15, what is -9 + 26c?
263
In base 10, what is 8 + -84005?
-83997
In base 16, what is -3 + 3132?
312f
In base 4, what is -103000 + 1223?
-101111
In base 16, what is -4 + -12de8?
-12dec
In base 14, what is -279 + 1d7?
-82
In base 8, what is -73421 + 3?
-73416
In base 12, what is -310 - 173?
-483
In base 11, what is -8754 + -5?
-8759
In base 13, what is -30765 - 3?
-30768
In base 16, what is 5 + -405b?
-4056
In base 5, what is -11132242 + 10?
-11132232
In base 3, what is 2 + 201200021?
201200100
In base 9, what is 1 + -12874?
-12873
In base 7, what is -1 + 533?
532
In base 4, what is 2122220 - -33?
2122313
In base 14, what is -229ba - -1?
-229b9
In base 14, what is -7 - 462?
-469
In base 4, what is -2030 + 1322?
-102
In base 14, what is -1964 - -63?
-1901
In base 16, what is -3 - -3c80?
3c7d
In base 14, what is -17 + -1b7?
-1d0
In base 9, what is 76528 - 6?
76522
In base 11, what is -a2459 - -1?
-a2458
In base 5, what is 421224 + 21?
421300
In base 10, what is -2 + -247301?
-247303
In base 15, what is -d - -1287?
1279
In base 16, what is -b + 5afe6?
5afdb
In base 10, what is -4 - -9772?
9768
In base 8, what is 100456 + -6?
100450
In base 7, what is 2 + 201660?
201662
In base 9, what is -767507 - 5?
-767513
In base 8, what is -3 + -173606?
-173611
In base 9, what is 10 + -187282?
-187272
In base 2, what is -111001101001111100 + -100?
-111001101010000000
In base 8, what is 17226 + 310?
17536
In base 2, 